0. Let i(n) = -4*n + 68. Let a be i(17). Suppose -3*l - 4*j + 126 = a, 2*l - f = -5*j + 6. List the prime factors of l.
2, 19
Let t(b) = 2*b**2 + 4*b + 1. Suppose -a = a + 40. Let p be (a/6)/(-1)*(-12)/(-8). List the prime factors of t(p).
71
Let t(b) be the second derivative of -2*b**3 - 4*b**2 + 29*b. Let u be t(3). Let h = u - -75. List the prime factors of h.
31
Let a be (-104)/(-28) - (16/(-7))/8. List the prime factors of (-12)/(-16) + 2489/a.
7, 89
Suppose 5*r - 18*w - 30500 = -15*w, 3*w = r - 6112. List the prime factors of r.
7, 13, 67
Let s(n) = -n**2 - 5*n + 88. Let j be s(7). Suppose 14*i + 41 = 15*i - j*y, 2*i + 4*y = 118. What are the prime factors of i?
53
Let g(q) = 376*q**2 - 6*q + 6. Let r be g(2). Let t = r - 1008. List the prime factors of t.
2, 5, 7
Suppose 0 = -4*u + 58*u - 1170180. What are the prime factors of u?
2, 5, 11, 197
Let x be (-4)/4*3 - -7*11. Suppose 168 = 2*z - x. Let h = 240 - z. List the prime factors of h.
7, 17
Let w = 194 + -51. Suppose w = 5*v - 82. Let b = 5 + v. What are the prime factors of b?
2, 5
Let c = 87944 - 49125. What are the prime factors of c?
11, 3529
Let x = 130 + -43. Suppose -x = -3*l + 27. List the prime factors of l.
2, 19
Let d(i) = 28*i**2 + 88*i + 574. What are the prime factors of d(-6)?
2, 17, 31
Suppose -8047*g = -8045*g - 12200. What are the prime factors of g?
2, 5, 61
Let p(n) = n - 5 + 4*n**2 - n**3 + 2 + 12. Let i be p(4). Suppose v = 5 + i. What are the prime factors of v?
2, 3
Let w(t) = -3*t**2 - t + 2. Suppose 2*o - s + 6 = 0, -4*o - 5*s = -20 + 4. Let u be w(o). Suppose u = -35*a + 38*a - 114. What are the prime factors of a?
2, 19
List the prime factors of ((-10071)/36)/(0 + 3/(-48)).
2, 3, 373
Let b(q) = 10*q - 86. Let i be b(9). Suppose -2190 + 7854 = i*j. List the prime factors of j.
2, 3, 59
Let d = 41 + -35. Let g(m) = 45*m + 12. Let o be g(d). Suppose 366 = 8*v - o. List the prime factors of v.
3
Let u be ((32/6)/8)/((-3)/(-8253)). Let o = u + -1065. List the prime factors of o.
769
Let c = -20 - -29. Let o(i) = -5*i + 24. Let m be o(c). List the prime factors of ((-150)/m)/(2/14).
2, 5
Let s(i) = 12*i**3 - 3*i**2 + 14*i + 71. What are the prime factors of s(10)?
43, 277
Suppose 0 = -0*o - 9*o + 1512. Suppose -55 + o = n. What are the prime factors of n?
113
Suppose -54*j = -67*j + 65. Suppose 6*l - 4796 = 2*n, -2*l + j*n = -3*l + 778. What are the prime factors of l?
2, 3, 7, 19
What are the prime factors of (-3)/(-6*(-1)/(-27892)) - 1?
5, 2789
Suppose -p - 4*k + 74383 = 0, 3*p - 223051 = -16*k + 18*k. What are the prime factors of p?
3, 5, 4957
List the prime factors of (-1 + 42)/((-4)/(-3892)) - (-480)/60.
39901
Suppose 5*o - 236 = o - 2*s, -3*o = -4*s - 188. Let d be ((-216)/o)/(3/10). What are the prime factors of (-990)/(-27)*d/(-5)?
2, 11
Suppose -1 = 2*d - 3*a, -5*a + 9*a = d + 3. Let x(o) = 231*o + 55. What are the prime factors of x(d)?
2, 11, 13
Let a be 1/(-6) + 0 + 7/42. Suppose 15*n - 17803 + 6523 = a. What are the prime factors of n?
2, 47
Suppose q + 3*q = 4*h + 5164, 5200 = 4*q + 5*h. Suppose 31*r - 36*r = -q. List the prime factors of r.
7, 37
Suppose -8*r + 4 + 36 = 0. Suppose 21 - 106 = -3*u - 2*v, -r*u - 5*v + 150 = 0. Suppose -4 = j + t - 6, u = 2*j - 5*t. List the prime factors of j.
5
List the prime factors of (1174/(-4) + 4 + 0)/(45/(-1740)).
2, 29, 193
Suppose 1051 = 10*h - 38869. What are the prime factors of h?
2, 499
Suppose -3*h + 18449 = -9241. What are the prime factors of h?
2, 5, 13, 71
Suppose 337*u - 723072 = 313*u. List the prime factors of u.
2, 7, 269
Let n(t) = 5*t**2 - 36. Let d be n(12). Suppose -13*s - d = -6456. What are the prime factors of s?
2, 3, 37
Suppose -10*w = -6*w - 2*p - 10018, 0 = -5*w + 4*p + 12524. List the prime factors of w.
2, 313
Let o = 941 - 810. Let c(w) = -71*w + 1. Let v be c(-1). Let x = o - v. List the prime factors of x.
59
Let k(g) = 28*g - 78. Let s(f) = -14*f + 39. Let r(o) = 2*k(o) + 5*s(o). Let t be r(7). Let a = t - -137. What are the prime factors of a?
2, 3, 13
Let h(o) = -2*o**3 + 5*o**2 - 4*o - 1. Let m be h(2). Let u(v) = v**3 + 7*v**2 - 13*v - 17. What are the prime factors of u(m)?
2, 7
Let k(f) = 1616*f - 2626. What are the prime factors of k(9)?
2, 59, 101
Let y(q) = -2*q**2 - 3*q + 440. Let l(t) = -12*t + 132. Let g be l(11). What are the prime factors of y(g)?
2, 5, 11
Suppose o + 3*u = -4, 0 = 3*o - 4*o - 4*u - 6. Suppose -6190 = -j - 4*j - v, 0 = -5*j - o*v + 6190. What are the prime factors of j?
2, 619
Let r(t) = -t**2 + 17*t + 13. Let w be r(18). Let c be -5 + w + 2 + 205. Let b = c - 11. List the prime factors of b.
2, 3, 31
Let u = -13704 + 21257. List the prime factors of u.
7, 13, 83
Let r(q) = 996*q + 559. What are the prime factors of r(12)?
12511
Let m = 18200 - -29856. What are the prime factors of m?
2, 6007
Let n = -181 + 196. Suppose 5*i - n = 0, 2046 = 3*a + 4*i - 1815. List the prime factors of a.
1283
Suppose 5*w - 54 = 4*m, -25*m - 39 = -4*w - 26*m. List the prime factors of -6 - (w/80 + 2081/(-8)).
2, 127
Suppose -76*c + 17514 = -67*c. Suppose 3*r + c = 6*r - 2*h, r - 646 = -2*h. List the prime factors of r.
2, 3
Let y(s) = -158*s + 2906. List the prime factors of y(-24).
2, 17, 197
Let w be (-3)/(3/(-6) - 1). Suppose -w*h + 7 + 1 = 0. What are the prime factors of (-8)/(-6)*30/h?
2, 5
Let u(v) = -898*v**3 - 93*v**2 + 4*v + 45. What are the prime factors of u(-4)?
3, 18671
Let y(m) = 28*m - 41. Let g be y(9). Let b = 734 - g. What are the prime factors of b?
523
Let i = -192 + 200. Let r(g) = -2*g**2 - 8*g + 3. Let u(x) = -3*x**2 - 9*x + 3. Let h(d) = 4*r(d) - 3*u(d). What are the prime factors of h(i)?
3
Let t = 104 + -98. Let o(m) = m**3 - 7*m**2 + 11*m - 4. What are the prime factors of o(t)?
2, 13
Let u(h) = -13*h - 13*h + 32*h + h**2 - 3*h**3 - 10. Let r be u(-4). Suppose -2*v - 5*f + 109 = 0, 5*f - r = -3*v + f. What are the prime factors of v?
2, 31
Let k be (2 + 32)/(-2 + (-8)/(-6)). Let d be (-6)/2*34/k. Suppose d*t - 12 = t. What are the prime factors of t?
2, 3
Let y(n) = -n**3 - 6*n**2 - 14*n - 20. Let r be y(-10). Let q = -138 + r. List the prime factors of q.
2, 191
Let c(z) = 3*z + 35. Let t(f) = 3*f - 41. Let q be t(15). Let a(w) = -5*w + 12. Let n be a(q). List the prime factors of c(n).
11
Suppose 27323 = 9*j - 203 - 20192. What are the prime factors of j?
2, 11, 241
Suppose 4*s - 99097 = 176383. List the prime factors of s.
2, 5, 71, 97
Let g = 17 + 71. Let z = -813 - -806. Let h = g + z. List the prime factors of h.
3
Let o = -220 - 35. Let q = -171 + o. Let g = -279 - q. List the prime factors of g.
3, 7
Suppose -2*k - 2*v = 2*v - 20, 0 = -2*k - 2*v + 12. Suppose 4*t + k*d = -750, -3*d = 3*t + 687 - 132. What are the prime factors of ((-2)/5)/(2/t)?
2, 19
Suppose -15*t + 44478 = -8*t. Suppose t = -4*k + 10*k. List the prime factors of k.
3, 353
Let v(d) = -27*d + 816. Let s be (-7)/(-70) + 6/(-60). List the prime factors of v(s).
2, 3, 17
Let s(g) = 288*g + 3. Let h be 2*(5/6 - (-1)/(-3)). List the prime factors of s(h).
3, 97
Suppose -4*d + f = -17183, 2*d = -0*f - 3*f + 8581. List the prime factors of d.
5, 859
Let l = -15081 - -25809. What are the prime factors of l?
2, 3, 149
What are the prime factors of (-1767)/38*4308/(-18) + (0 - 6)?
7, 227
Let w(a) = -3*a + 9. Let q(v) = -8*v + 28. Let h(c) = -2*q(c) + 7*w(c). Let f be h(4). Let n = f + 35. What are the prime factors of n?
2, 11
Let n be (0 - -1)*(-18)/(-6). Suppose -18630 = n*f - 26*f. What are the prime factors of f?
2, 3, 5
Suppose -5*b - b + 3*b = 0. Suppose 0 = 2*z - p - b*p - 393, 4*z - 5*p = 783. List the prime factors of z.
197
Let h(f) = 324*f**2. Let o be h(-1). Let v = -162 - 25. Let r = v + o. What are the prime factors of r?
137
Let a = 200 + -157. Suppose -39*i = -a*i + 460. List the prime factors of i.
5, 23
Suppose -8*x + 4*x + 2*k = -14632, -4*k + 10996 = 3*x. List the prime factors of x.
2, 3, 5, 61
Let a = 5548 + 2431. What are the prime factors of a?
79, 101
Suppose -54*c = -62*c + 24. Suppose -4*v + 1723 = 3*r, c*v = -v + 16. List the prime factors of r.
569
Suppose x - 1298 - 151 = 2284. List the prime factors of x.
3733
Let p be 3/10 + 39661/(-170). Let d = 820 + p. List the prime factors of d.
587
Suppose -17*w - 25720 = -21*w + 2*s, s = -w + 6436